= 469*y - 12. Let k(j) = -j**3 + 2*j**2 - 6*j + 4 - 5*j + 10*j - 2. Calculate k(y).
0
Let f(p) = 3 - 5*p + 7*p + p**2 - 18*p - 8*p + 20. Determine f(22).
-21
Let z(q) = -19*q + 408. Let b(y) = 6*y - 139. Let l(n) = 8*b(n) + 3*z(n). Determine l(13).
-5
Let q = 489 + -235. Suppose 86 = -28*l + q. Let u(v) = v**2 - 9*v + 11. Determine u(l).
-7
Let h be (-7 - -78)/(3/(-6)). Let l = h + 144. Let k(a) = 3*a**3 - a**2 - 1. Determine k(l).
19
Let n(z) = 2*z**3 + z**2 + 2*z + 2. Suppose d + k - 33976 = 4*d, 2*k = d + 11332. Let p be d/(-114) - -1*1/(-3). Let l = p + -101. Calculate n(l).
-14
Let k(w) = -w**3 + 6*w**2 - 2*w + 5. Suppose 3*j - x - 38 = 3*x, x - 38 = -4*j. Let i = 674 + -648. Suppose j + i = 6*n. Give k(n).
-7
Suppose -14*o = g - 19*o - 11, -55 = -5*g + 4*o. Let d(p) = 27*p - 302. What is d(g)?
-5
Suppose 149*y + 24 = 157*y. Let a(f) = -5*f - 3 + 6*f**2 - 8*f**2 + 0*f**3 + f**y + 1. Calculate a(-3).
-32
Let s be 14/((-84)/15)*2/1. Let j(u) = u**2 - 3*u - 2 - 2*u**2 + 0*u**2. Determine j(s).
-12
Suppose 7162 = -10*f + 7232. Let o(v) = -10*v + 3. What is o(f)?
-67
Let y(k) = 22*k**2 - 6*k - k**3 - 57*k**2 + 19*k**2 - 1 + 21*k**2. Give y(4).
-9
Let z = -3931 + 3926. Let k(x) = -x**3 - 3*x**2 + 3*x + 1. Calculate k(z).
36
Let z(o) = o**3 + o**2 - 4*o. Let b(g) = g. Let y(k) = -4*b(k) - z(k). Let m = 692 - 695. Calculate y(m).
18
Let q(d) = 5*d - 3. Let a(x) = 2*x + 5. Let y(h) = -h - 2. Let c(f) = -3*a(f) - 7*y(f). Suppose 18*b + 20 = 13*b. Let v(k) = b*c(k) + q(k). Determine v(5).
6
Let l(h) = 10*h - 113. Let b(u) = -135*u - 8902. Let p be b(-66). Give l(p).
-33
Let s(d) = -9*d - 97. Let u = -10444 - -10434. Determine s(u).
-7
Let x be ((-180)/(-25) - 6)/((66/(-20))/(-11)). Let v(s) = -s**3 + 4*s**2 - 6*s - 2. Determine v(x).
-26
Let d(c) = -c - 7. Let m(h) = 2*h + 65. Let f be m(-4). Suppose -f = -8*r - 129. Give d(r).
2
Let v = -8 + 15. Suppose -165*f + 12 = -161*f. Let q(p) = -7 + p + 7*p**2 - 129*p**3 + 66*p**f + 62*p**3. Calculate q(v).
0
Let p(l) be the third derivative of l**6/120 + l**5/60 - 3*l**4/8 + l**3/6 + 4*l**2 - 60*l. Determine p(3).
10
Let m(j) = j**3 - 2 + 3*j + 0*j + j**2 - 2*j. Let f be 14/(-21) - 22/(-6). Suppose 4*w + f*u = -6, 0 = -3*w + 8*u - 3*u + 10. Determine m(w).
-2
Let y(c) be the second derivative of -11/2*c**2 + 1/6*c**3 + 24 - 2*c. Let s be (-33)/(-5) - 2/(-5). What is y(s)?
-4
Let j(c) = -99*c**3 + 0*c - 111*c**3 - c + 7*c**2 + 209*c**3. Determine j(7).
-7
Let i(s) = 2*s**2 + 5*s - 4. Let d = 257 - 157. Suppose 0 = -20*x - 5*x - d. What is i(x)?
8
Let g(i) be the first derivative of -i**4/4 - 7*i**3/3 + 2*i**2 + 19*i - 1217. What is g(-8)?
51
Let u(b) = b**2 + 4*b. Suppose -h - 2*t = 8, -7*h + 12*h = -4*t - 16. Give u(h).
0
Let q(u) be the third derivative of 2*u**4/3 - 79*u**3/6 + 2*u**2 - 9. Let g be q(5). Let x(f) = -f**2 - f + 2. Determine x(g).
0
Let k(w) = -731654 - 2*w**2 + 731647 + w**2 - 2*w**2 + 10*w + 4*w**2. Let s = -7 + -2. Calculate k(s).
-16
Let v(a) be the third derivative of a**4/24 + 5*a**3/6 - 1829*a**2. Calculate v(-24).
-19
Let v(q) be the first derivative of q**4/4 + 4*q**3 + q**2/2 + 18*q + 1397. Give v(-12).
6
Suppose 0 = -24*s - 225 + 345. Let j(g) be the third derivative of 1/12*g**s + 1/12*g**4 - 1/120*g**6 + 0*g - 13*g**2 + 0 - 5/6*g**3. Determine j(5).
5
Let r(j) be the first derivative of -j**4/4 - 5*j**3/3 + j**2/2 + 5406. Let h = -5 + 0. Give r(h).
-5
Let j(f) = -2*f**2 + 3*f + 2. Suppose 4*d + 3*p = -548, 177 + 241 = -3*d - 4*p. Let i = -130 - d. Determine j(i).
-18
Let d(n) be the first derivative of -n**4/4 + 7*n**3/3 - 3*n**2/2 - 11*n - 1380. Determine d(6).
7
Suppose 0 = k + 4154 - 4150. Let h(l) = 15*l + 3. Let a(v) = 7*v + 2. Let y(b) = 13*a(b) - 6*h(b). Determine y(k).
4
Let r(c) = 22 - 36*c + 114*c + 40 - 36*c - 39*c. Calculate r(-18).
8
Let z(w) = 8*w**3 + w**2 + 20*w - 9. Let p(m) = -m**3 - 4*m - 1. Let d(g) = 7*p(g) + z(g). What is d(-3)?
-10
Let b(o) = 2*o - 150038 + o**3 + 3*o + 149991 - 7*o**2. Give b(7).
-12
Let f(c) = -c**2 - 19*c - 17. Let b be f(-18). Let q(x) = x - 1. Let p(t) = 4*t. Let w(h) = b*p(h) + 2*q(h). Give w(1).
4
Suppose -66*a = -76*a + 20. Let x(d) = 2*d**2 - 12705*d + 12693*d - 3 - 3*d**a. Give x(-9).
24
Let d(h) = h + 8. Let n be 3/8*6*4. Suppose -2*i = -4*i - v + n, i = -v + 5. Suppose z = i*z - 4*z. What is d(z)?
8
Suppose -2*d + 5*s - 163 = 0, 325 = -5*d - 0*d - 4*s. Let b = -58 - d. Let l(t) = t**3 - 12*t**2 + 10*t + 5. Give l(b).
-6
Suppose 26*b + 8 - 86 = 0. Let c(s) be the second derivative of -2*s**2 + 0 - 1/12*s**4 - 14*s + 1/2*s**3. Give c(b).
-4
Let b(m) be the second derivative of m**5/60 + 5*m**4/12 + 3*m**3/2 + 109*m**2/2 + 48*m. Let w(u) be the first derivative of b(u). What is w(-6)?
-15
Let f(l) = -165046 - 2*l + l**2 - l**3 + 165062 + l. Give f(0).
16
Let u = -357 - -225. Let h = u - -137. Let x(r) = 4*r + 1. Give x(h).
21
Let z(v) = -v - 2. Let r = 304 + -537. Let k = r + 232. What is z(k)?
-1
Let a be (4 - 2)*6/4. Let u(v) be the first derivative of -v**3/3 + v**2 + 4*v - 2965. Give u(a).
1
Let f(p) = 3*p - 7. Let n(t) = t**3 + 2*t - 12. Let w be n(0). Let d be ((-18)/w)/(6/32). Let m be (9/4)/(3/d). Calculate f(m).
11
Let m(j) be the second derivative of 2 + 1/3*j**3 - 37*j - 7*j**2. What is m(7)?
0
Let d(g) = 11*g**2 - 4*g - 79. Let m be d(-11). Suppose -m*j = -1291*j. Let t(l) = -4*l + 3*l + 8 + 2*l. What is t(j)?
8
Let g be 5/(5/(-2))*-1. Let u(m) = -1 - 9*m - g*m**2 + 4*m**2 - 3*m**2. Let o = 90206 - 90215. Give u(o).
-1
Let o(q) = 7*q**3 - 11*q**2 - q + 1. Let u(p) = 10*p**3 - 13*p**2 - 4*p + 2. Let w(y) = 3*o(y) - 2*u(y). Determine w(6).
-7
Let n(g) = -g**2 + 1. Let j(c) = -35 - 5*c + 30 + 24*c**2 + 4*c. Let a(z) = j(z) + 5*n(z). Suppose 4 = 3*f + f. Calculate a(f).
18
Let k(z) = -2*z**2 - 3*z**2 + 3*z + 6*z**2. Suppose 0 = 2*v + 4*i - 50, -8*i = -2*v - 13*i + 45. Let l be (-4)/40*v + 1/(-2). Give k(l).
4
Suppose -5*g - 36 = 4*k, 3*k - 1 = 2*g - 28. Let s(f) = 8 - 3 + 2536*f - 2535*f. What is s(k)?
-4
Let z(c) = -6*c - 1. Suppose 562 + 340 = -11*r. Let d = -88 - r. Calculate z(d).
35
Let j(z) = z + 15. Let y = -22450 - -22464. Calculate j(y).
29
Suppose -2*r = -k - 0*r + 11, -1 = 5*k + 4*r. Let x(m) = 57*m**2 - 4*m + 47*m**2 + m**k - 159*m**2 - 4 + 56*m**2. Let f = -7 + 4. Give x(f).
-10
Let r = -110 - -113. Suppose 16*m + 52 = r*m. Let l(c) = -c**2 - 2*c - 5. Calculate l(m).
-13
Let i(s) = -248*s - 205. Let d(v) = 89*v + 69. Let x(t) = -11*d(t) - 4*i(t). Calculate x(-5).
-4
Suppose a = -4*b - 556, -a = -10 + 6. Let t = 149 + b. Let q(i) = i**3 - 8*i**2 - 10*i + 2. What is q(t)?
-7
Let f(a) = 24*a**2 + 5*a + 2. Let x(t) = t**2 - t - 12. Let k be x(-4). Let z(b) = -37*b**2 - 8*b - 3. Let n(u) = k*f(u) + 5*z(u). Calculate n(-1).
8
Let q(o) be the third derivative of -o**4/12 + 2*o**3 - 2*o**2 + 3*o - 45. Give q(18).
-24
Let x(a) = a**2 + 10*a - 337. Let h(p) = -3*p**2 + 164*p - 132. Let q be h(54). What is x(q)?
-1
Let a(h) = 171*h - 22. Let n(z) = 200*z - 18. Let w(k) = -7*a(k) + 6*n(k). Give w(0).
46
Let a(q) be the third derivative of q**5/30 - q**4/12 - 3*q**3/2 + 2*q**2 + 13. Let g(x) = -x**2 + x. Let o(v) = -a(v) - 3*g(v). What is o(0)?
9
Let m(j) = 0 - 2*j - 5*j + 4*j - 3 + 4*j. Let g be 6 + -4*(-3)/12. Give m(g).
4
Let a(p) = p**3 - 2*p**2 - 8*p + 3. Let u be a(4). Let k(v) = 2*v - u*v - 4 + 2 + 2*v. What is k(-10)?
-12
Let o(v) = 10*v**2 - 183*v + 225. Let d be o(17). Let q(k) be the third derivative of -k**5/60 + k**4/24 - k**3/6 + 2*k**2. Determine q(d).
-13
Let f(q) be the third derivative of q**5/30 - 13*q**4/12 - 19*q**3/6 - 2*q**2 - 90. Calculate f(14).
9
Let o = -140 - -144. Let a(d) = 3678 - 1833 - 7*d + d**2 - 1839. Give a(o).
-6
Let d(z) = -z**3 + 5*z**2 - z - 2. Let l(v) = -78*v + 63. Let b be l(7). Let h = -478 - b. Give d(h).
-7
Let k(u) be the first derivative of u**3/3 - 3*u**2 - 6*u + 8. Suppose -8*l - 5 = -3*y - 12*l, 5*l + 48 = 4*y. Give k(y).
1
Let u(y) = -2*y + 4. Let l(n) = 6*n**2 + n - 1. Let c be l(1). Suppose c*t = 7*t - 4. Suppose 0*h + 16 = -t*h. What is u(h)?
12
Let z(o) = o**3 + 6*o**2 + 5*o + 17. Let x(g) = -g**3 + 19*g**2 + 46*g - 526. Let q be x(20). Calculate z(q).
-13
Let u(b) = 7*b**2 + 12*b - 127. Let w be u(-5). Let p(x) = -4*x**2 - 49*x + 2. What is p(w)?
14
Let f(u) =